{"version":"1.0","provider_name":"Mancomunidad de Malerreka","provider_url":"http:\/\/www.malerrekakomankomunitatea.eus\/es\/","author_name":"Kristina Urrutia Apezetxea","author_url":"http:\/\/www.malerrekakomankomunitatea.eus\/es\/author\/euskarazerbitzua\/","title":"Campamentos de verano en euskera - Mancomunidad de Malerreka","type":"rich","width":600,"height":338,"html":"<blockquote class=\"wp-embedded-content\" data-secret=\"5YCFvyVnVD\"><a href=\"http:\/\/www.malerrekakomankomunitatea.eus\/es\/noticias\/campamentos-de-verano-en-euskera\/\">Campamentos de verano en euskera<\/a><\/blockquote><iframe sandbox=\"allow-scripts\" security=\"restricted\" src=\"http:\/\/www.malerrekakomankomunitatea.eus\/es\/noticias\/campamentos-de-verano-en-euskera\/embed\/#?secret=5YCFvyVnVD\" width=\"600\" height=\"338\" title=\"\u00abCampamentos de verano en euskera\u00bb \u2014 Mancomunidad de Malerreka\" data-secret=\"5YCFvyVnVD\" frameborder=\"0\" marginwidth=\"0\" marginheight=\"0\" scrolling=\"no\" class=\"wp-embedded-content\"><\/iframe><script>\n\/*! This file is auto-generated *\/\n!function(d,l){\"use strict\";l.querySelector&&d.addEventListener&&\"undefined\"!=typeof URL&&(d.wp=d.wp||{},d.wp.receiveEmbedMessage||(d.wp.receiveEmbedMessage=function(e){var t=e.data;if((t||t.secret||t.message||t.value)&&!\/[^a-zA-Z0-9]\/.test(t.secret)){for(var s,r,n,a=l.querySelectorAll('iframe[data-secret=\"'+t.secret+'\"]'),o=l.querySelectorAll('blockquote[data-secret=\"'+t.secret+'\"]'),c=new RegExp(\"^https?:$\",\"i\"),i=0;i<o.length;i++)o[i].style.display=\"none\";for(i=0;i<a.length;i++)s=a[i],e.source===s.contentWindow&&(s.removeAttribute(\"style\"),\"height\"===t.message?(1e3<(r=parseInt(t.value,10))?r=1e3:~~r<200&&(r=200),s.height=r):\"link\"===t.message&&(r=new URL(s.getAttribute(\"src\")),n=new URL(t.value),c.test(n.protocol))&&n.host===r.host&&l.activeElement===s&&(d.top.location.href=t.value))}},d.addEventListener(\"message\",d.wp.receiveEmbedMessage,!1),l.addEventListener(\"DOMContentLoaded\",function(){for(var e,t,s=l.querySelectorAll(\"iframe.wp-embedded-content\"),r=0;r<s.length;r++)(t=(e=s[r]).getAttribute(\"data-secret\"))||(t=Math.random().toString(36).substring(2,12),e.src+=\"#?secret=\"+t,e.setAttribute(\"data-secret\",t)),e.contentWindow.postMessage({message:\"ready\",secret:t},\"*\")},!1)))}(window,document);\n\/\/# sourceURL=http:\/\/www.malerrekakomankomunitatea.eus\/wp-includes\/js\/wp-embed.min.js\n<\/script>\n","thumbnail_url":"http:\/\/www.malerrekakomankomunitatea.eus\/wp-content\/uploads\/2022\/03\/irudia-web-scaled.jpg","thumbnail_width":2560,"thumbnail_height":1594,"description":"El Servicio de Euskera de Malerreka, junto con otros servicios de entidades locales de Navarra, ha publicado la oferta de campamentos de verano en euskera. Con la informaci\u00f3n recogida se han publicado dos d\u00edpticos, uno para personas que estudian Educaci\u00f3n Primaria y otro para estudiantes de E.S.O. En los d\u00edpticos se especifica esta informaci\u00f3n: cual [&hellip;]"}

El Servicio de Euskera de Malerreka, junto con otros servicios de entidades locales de Navarra, ha publicado la oferta de campamentos de verano en euskera. Con la información recogida se han publicado dos dípticos, uno para personas que estudian Educación Primaria y otro para estudiantes de E.S.O. En los dípticos se especifica esta información: cual [&hellip;]
