{"id":101,"date":"2021-01-13T13:08:49","date_gmt":"2021-01-13T12:08:49","guid":{"rendered":"http:\/\/www.malerreka.es\/?page_id=101"},"modified":"2021-01-14T15:55:03","modified_gmt":"2021-01-14T14:55:03","slug":"ubicacion-del-compostador","status":"publish","type":"page","link":"http:\/\/www.malerrekakomankomunitatea.eus\/es\/servicios\/residuos-urbanos\/compostaje\/ubicacion-del-compostador\/","title":{"rendered":"Ubicaci\u00f3n del compostador"},"content":{"rendered":"<p>Se debe colocar el compostador en contacto directo con la tierra, para que los organismos aparezcan espont\u00e1neamente y haya una regulaci\u00f3n natural de la humedad. En el \u00e1rea de compostaje conviene dejar suficiente espacio para las tareas a realizar (amontonado, volteo, tamizado&#8230;).<br \/>\nEn zonas fr\u00edas conviene que est\u00e9 expuesto al sol para que el incremento de temperatura ayude al trabajo de los microorganismos.<\/p>\n<p>Teniendo en cuenta en clima de nuestra zona, deberemos colocar el compostador en una zona que est\u00e9 al abrigo del viento, para evitar p\u00e9rdidas de humedad y enfriamiento. Lo m\u00e1s indicado ser\u00eda ponerlo debajo de un \u00e1rbol de hoja caduca (en verano le dar\u00e1 sombra\u00a0 yen invierno estar\u00e1 al sol).<br \/>\nLa tapa del compostador, permanecer\u00e1 cerrada, como norma general, para que la pila de compost no se moje demasiado y para evitar la p\u00e9rdida de temperatura.<\/p>\n<p><img loading=\"lazy\" decoding=\"async\" class=\"alignnone size-full wp-image-668\" src=\"http:\/\/www.malerreka.es\/wp-content\/uploads\/2021\/01\/konposa_kokapena_0.jpg\" alt=\"\" width=\"213\" height=\"283\" srcset=\"http:\/\/www.malerrekakomankomunitatea.eus\/wp-content\/uploads\/2021\/01\/konposa_kokapena_0.jpg 213w, http:\/\/www.malerrekakomankomunitatea.eus\/wp-content\/uploads\/2021\/01\/konposa_kokapena_0-180x239.jpg 180w\" sizes=\"auto, (max-width: 213px) 100vw, 213px\" \/><\/p>\n","protected":false},"excerpt":{"rendered":"<p>Se debe colocar el compostador en contacto directo con la tierra, para que los organismos aparezcan espont\u00e1neamente y haya una regulaci\u00f3n natural de la humedad. En el \u00e1rea de compostaje conviene dejar suficiente espacio para las tareas a realizar (amontonado, volteo, tamizado&#8230;). En zonas fr\u00edas conviene que est\u00e9 expuesto al sol para que el incremento [&hellip;]<\/p>\n","protected":false},"author":2,"featured_media":0,"parent":93,"menu_order":30,"comment_status":"closed","ping_status":"closed","template":"","meta":{"footnotes":""},"class_list":["post-101","page","type-page","status-publish","hentry"],"yoast_head":"<!-- This site is optimized with the Yoast SEO plugin v22.3 - https:\/\/yoast.com\/wordpress\/plugins\/seo\/ -->\r\n<title>Ubicaci\u00f3n del compostador - Mancomunidad de Malerreka<\/title>\r\n<meta name=\"robots\" content=\"index, follow, max-snippet:-1, max-image-preview:large, max-video-preview:-1\" \/>\r\n<link rel=\"canonical\" href=\"http:\/\/www.malerrekakomankomunitatea.eus\/es\/servicios\/residuos-urbanos\/compostaje\/ubicacion-del-compostador\/\" \/>\r\n<meta property=\"og:locale\" content=\"es_ES\" \/>\r\n<meta property=\"og:type\" content=\"article\" \/>\r\n<meta property=\"og:title\" content=\"Ubicaci\u00f3n del compostador - Mancomunidad de Malerreka\" \/>\r\n<meta property=\"og:description\" content=\"Se debe colocar el compostador en contacto directo con la tierra, para que los organismos aparezcan espont\u00e1neamente y haya una regulaci\u00f3n natural de la humedad. En el \u00e1rea de compostaje conviene dejar suficiente espacio para las tareas a realizar (amontonado, volteo, tamizado&#8230;). En zonas fr\u00edas conviene que est\u00e9 expuesto al sol para que el incremento [&hellip;]\" \/>\r\n<meta property=\"og:url\" content=\"http:\/\/www.malerrekakomankomunitatea.eus\/es\/servicios\/residuos-urbanos\/compostaje\/ubicacion-del-compostador\/\" \/>\r\n<meta property=\"og:site_name\" content=\"Mancomunidad de Malerreka\" \/>\r\n<meta property=\"article:modified_time\" content=\"2021-01-14T14:55:03+00:00\" \/>\r\n<meta property=\"og:image\" content=\"http:\/\/www.malerreka.es\/wp-content\/uploads\/2021\/01\/konposa_kokapena_0.jpg\" \/>\r\n<meta name=\"twitter:card\" content=\"summary_large_image\" \/>\r\n<meta name=\"twitter:label1\" content=\"Tiempo de lectura\" \/>\n\t<meta name=\"twitter:data1\" content=\"1 minuto\" \/>\r\n<script type=\"application\/ld+json\" class=\"yoast-schema-graph\">{\"@context\":\"https:\/\/schema.org\",\"@graph\":[{\"@type\":\"WebPage\",\"@id\":\"http:\/\/www.malerrekakomankomunitatea.eus\/es\/servicios\/residuos-urbanos\/compostaje\/ubicacion-del-compostador\/\",\"url\":\"http:\/\/www.malerrekakomankomunitatea.eus\/es\/servicios\/residuos-urbanos\/compostaje\/ubicacion-del-compostador\/\",\"name\":\"Ubicaci\u00f3n del compostador - Mancomunidad de Malerreka\",\"isPartOf\":{\"@id\":\"http:\/\/www.malerrekakomankomunitatea.eus\/es\/#website\"},\"primaryImageOfPage\":{\"@id\":\"http:\/\/www.malerrekakomankomunitatea.eus\/es\/servicios\/residuos-urbanos\/compostaje\/ubicacion-del-compostador\/#primaryimage\"},\"image\":{\"@id\":\"http:\/\/www.malerrekakomankomunitatea.eus\/es\/servicios\/residuos-urbanos\/compostaje\/ubicacion-del-compostador\/#primaryimage\"},\"thumbnailUrl\":\"http:\/\/www.malerreka.es\/wp-content\/uploads\/2021\/01\/konposa_kokapena_0.jpg\",\"datePublished\":\"2021-01-13T12:08:49+00:00\",\"dateModified\":\"2021-01-14T14:55:03+00:00\",\"breadcrumb\":{\"@id\":\"http:\/\/www.malerrekakomankomunitatea.eus\/es\/servicios\/residuos-urbanos\/compostaje\/ubicacion-del-compostador\/#breadcrumb\"},\"inLanguage\":\"es\",\"potentialAction\":[{\"@type\":\"ReadAction\",\"target\":[\"http:\/\/www.malerrekakomankomunitatea.eus\/es\/servicios\/residuos-urbanos\/compostaje\/ubicacion-del-compostador\/\"]}]},{\"@type\":\"ImageObject\",\"inLanguage\":\"es\",\"@id\":\"http:\/\/www.malerrekakomankomunitatea.eus\/es\/servicios\/residuos-urbanos\/compostaje\/ubicacion-del-compostador\/#primaryimage\",\"url\":\"http:\/\/www.malerrekakomankomunitatea.eus\/wp-content\/uploads\/2021\/01\/konposa_kokapena_0.jpg\",\"contentUrl\":\"http:\/\/www.malerrekakomankomunitatea.eus\/wp-content\/uploads\/2021\/01\/konposa_kokapena_0.jpg\",\"width\":213,\"height\":283},{\"@type\":\"BreadcrumbList\",\"@id\":\"http:\/\/www.malerrekakomankomunitatea.eus\/es\/servicios\/residuos-urbanos\/compostaje\/ubicacion-del-compostador\/#breadcrumb\",\"itemListElement\":[{\"@type\":\"ListItem\",\"position\":1,\"name\":\"Home\",\"item\":\"http:\/\/www.malerrekakomankomunitatea.eus\/es\/\"},{\"@type\":\"ListItem\",\"position\":2,\"name\":\"Servicios\",\"item\":\"http:\/\/www.malerrekakomankomunitatea.eus\/es\/servicios\/\"},{\"@type\":\"ListItem\",\"position\":3,\"name\":\"Residuos urbanos\",\"item\":\"http:\/\/www.malerrekakomankomunitatea.eus\/es\/servicios\/residuos-urbanos\/\"},{\"@type\":\"ListItem\",\"position\":4,\"name\":\"Compostaje\",\"item\":\"http:\/\/www.malerrekakomankomunitatea.eus\/es\/servicios\/residuos-urbanos\/compostaje\/\"},{\"@type\":\"ListItem\",\"position\":5,\"name\":\"Ubicaci\u00f3n del compostador\"}]},{\"@type\":\"WebSite\",\"@id\":\"http:\/\/www.malerrekakomankomunitatea.eus\/es\/#website\",\"url\":\"http:\/\/www.malerrekakomankomunitatea.eus\/es\/\",\"name\":\"Mancomunidad de Malerreka\",\"description\":\"P\u00e1gina principal de la Mancomunidad de Servicios Generales de Malerreka\",\"potentialAction\":[{\"@type\":\"SearchAction\",\"target\":{\"@type\":\"EntryPoint\",\"urlTemplate\":\"http:\/\/www.malerrekakomankomunitatea.eus\/es\/?s={search_term_string}\"},\"query-input\":\"required name=search_term_string\"}],\"inLanguage\":\"es\"}]}<\/script>\r\n<!-- \/ Yoast SEO plugin. -->","yoast_head_json":{"title":"Ubicaci\u00f3n del compostador - Mancomunidad de Malerreka","robots":{"index":"index","follow":"follow","max-snippet":"max-snippet:-1","max-image-preview":"max-image-preview:large","max-video-preview":"max-video-preview:-1"},"canonical":"http:\/\/www.malerrekakomankomunitatea.eus\/es\/servicios\/residuos-urbanos\/compostaje\/ubicacion-del-compostador\/","og_locale":"es_ES","og_type":"article","og_title":"Ubicaci\u00f3n del compostador - Mancomunidad de Malerreka","og_description":"Se debe colocar el compostador en contacto directo con la tierra, para que los organismos aparezcan espont\u00e1neamente y haya una regulaci\u00f3n natural de la humedad. En el \u00e1rea de compostaje conviene dejar suficiente espacio para las tareas a realizar (amontonado, volteo, tamizado&#8230;). En zonas fr\u00edas conviene que est\u00e9 expuesto al sol para que el incremento [&hellip;]","og_url":"http:\/\/www.malerrekakomankomunitatea.eus\/es\/servicios\/residuos-urbanos\/compostaje\/ubicacion-del-compostador\/","og_site_name":"Mancomunidad de Malerreka","article_modified_time":"2021-01-14T14:55:03+00:00","og_image":[{"url":"http:\/\/www.malerreka.es\/wp-content\/uploads\/2021\/01\/konposa_kokapena_0.jpg"}],"twitter_card":"summary_large_image","twitter_misc":{"Tiempo de lectura":"1 minuto"},"schema":{"@context":"https:\/\/schema.org","@graph":[{"@type":"WebPage","@id":"http:\/\/www.malerrekakomankomunitatea.eus\/es\/servicios\/residuos-urbanos\/compostaje\/ubicacion-del-compostador\/","url":"http:\/\/www.malerrekakomankomunitatea.eus\/es\/servicios\/residuos-urbanos\/compostaje\/ubicacion-del-compostador\/","name":"Ubicaci\u00f3n del compostador - Mancomunidad de Malerreka","isPartOf":{"@id":"http:\/\/www.malerrekakomankomunitatea.eus\/es\/#website"},"primaryImageOfPage":{"@id":"http:\/\/www.malerrekakomankomunitatea.eus\/es\/servicios\/residuos-urbanos\/compostaje\/ubicacion-del-compostador\/#primaryimage"},"image":{"@id":"http:\/\/www.malerrekakomankomunitatea.eus\/es\/servicios\/residuos-urbanos\/compostaje\/ubicacion-del-compostador\/#primaryimage"},"thumbnailUrl":"http:\/\/www.malerreka.es\/wp-content\/uploads\/2021\/01\/konposa_kokapena_0.jpg","datePublished":"2021-01-13T12:08:49+00:00","dateModified":"2021-01-14T14:55:03+00:00","breadcrumb":{"@id":"http:\/\/www.malerrekakomankomunitatea.eus\/es\/servicios\/residuos-urbanos\/compostaje\/ubicacion-del-compostador\/#breadcrumb"},"inLanguage":"es","potentialAction":[{"@type":"ReadAction","target":["http:\/\/www.malerrekakomankomunitatea.eus\/es\/servicios\/residuos-urbanos\/compostaje\/ubicacion-del-compostador\/"]}]},{"@type":"ImageObject","inLanguage":"es","@id":"http:\/\/www.malerrekakomankomunitatea.eus\/es\/servicios\/residuos-urbanos\/compostaje\/ubicacion-del-compostador\/#primaryimage","url":"http:\/\/www.malerrekakomankomunitatea.eus\/wp-content\/uploads\/2021\/01\/konposa_kokapena_0.jpg","contentUrl":"http:\/\/www.malerrekakomankomunitatea.eus\/wp-content\/uploads\/2021\/01\/konposa_kokapena_0.jpg","width":213,"height":283},{"@type":"BreadcrumbList","@id":"http:\/\/www.malerrekakomankomunitatea.eus\/es\/servicios\/residuos-urbanos\/compostaje\/ubicacion-del-compostador\/#breadcrumb","itemListElement":[{"@type":"ListItem","position":1,"name":"Home","item":"http:\/\/www.malerrekakomankomunitatea.eus\/es\/"},{"@type":"ListItem","position":2,"name":"Servicios","item":"http:\/\/www.malerrekakomankomunitatea.eus\/es\/servicios\/"},{"@type":"ListItem","position":3,"name":"Residuos urbanos","item":"http:\/\/www.malerrekakomankomunitatea.eus\/es\/servicios\/residuos-urbanos\/"},{"@type":"ListItem","position":4,"name":"Compostaje","item":"http:\/\/www.malerrekakomankomunitatea.eus\/es\/servicios\/residuos-urbanos\/compostaje\/"},{"@type":"ListItem","position":5,"name":"Ubicaci\u00f3n del compostador"}]},{"@type":"WebSite","@id":"http:\/\/www.malerrekakomankomunitatea.eus\/es\/#website","url":"http:\/\/www.malerrekakomankomunitatea.eus\/es\/","name":"Mancomunidad de Malerreka","description":"P\u00e1gina principal de la Mancomunidad de Servicios Generales de Malerreka","potentialAction":[{"@type":"SearchAction","target":{"@type":"EntryPoint","urlTemplate":"http:\/\/www.malerrekakomankomunitatea.eus\/es\/?s={search_term_string}"},"query-input":"required name=search_term_string"}],"inLanguage":"es"}]}},"_links":{"self":[{"href":"http:\/\/www.malerrekakomankomunitatea.eus\/es\/wp-json\/wp\/v2\/pages\/101","targetHints":{"allow":["GET"]}}],"collection":[{"href":"http:\/\/www.malerrekakomankomunitatea.eus\/es\/wp-json\/wp\/v2\/pages"}],"about":[{"href":"http:\/\/www.malerrekakomankomunitatea.eus\/es\/wp-json\/wp\/v2\/types\/page"}],"author":[{"embeddable":true,"href":"http:\/\/www.malerrekakomankomunitatea.eus\/es\/wp-json\/wp\/v2\/users\/2"}],"replies":[{"embeddable":true,"href":"http:\/\/www.malerrekakomankomunitatea.eus\/es\/wp-json\/wp\/v2\/comments?post=101"}],"version-history":[{"count":2,"href":"http:\/\/www.malerrekakomankomunitatea.eus\/es\/wp-json\/wp\/v2\/pages\/101\/revisions"}],"predecessor-version":[{"id":670,"href":"http:\/\/www.malerrekakomankomunitatea.eus\/es\/wp-json\/wp\/v2\/pages\/101\/revisions\/670"}],"up":[{"embeddable":true,"href":"http:\/\/www.malerrekakomankomunitatea.eus\/es\/wp-json\/wp\/v2\/pages\/93"}],"wp:attachment":[{"href":"http:\/\/www.malerrekakomankomunitatea.eus\/es\/wp-json\/wp\/v2\/media?parent=101"}],"curies":[{"name":"wp","href":"https:\/\/api.w.org\/{rel}","templated":true}]}}

Ubicación del compostador

<p>Se debe colocar el compostador en contacto directo con la tierra, para que los organismos aparezcan espontáneamente y haya una regulación natural de la humedad. En el área de compostaje conviene dejar suficiente espacio para las tareas a realizar (amontonado, volteo, tamizado&#8230;).<br />
En zonas frías conviene que esté expuesto al sol para que el incremento de temperatura ayude al trabajo de los microorganismos.</p>
<p>Teniendo en cuenta en clima de nuestra zona, deberemos colocar el compostador en una zona que esté al abrigo del viento, para evitar pérdidas de humedad y enfriamiento. Lo más indicado sería ponerlo debajo de un árbol de hoja caduca (en verano le dará sombra  yen invierno estará al sol).<br />
La tapa del compostador, permanecerá cerrada, como norma general, para que la pila de compost no se moje demasiado y para evitar la pérdida de temperatura.</p>
<p><img loading="lazy" decoding="async" class="alignnone size-full wp-image-668" src="http://www.malerreka.es/wp-content/uploads/2021/01/konposa_kokapena_0.jpg" alt="" width="213" height="283" srcset="http://www.malerrekakomankomunitatea.eus/wp-content/uploads/2021/01/konposa_kokapena_0.jpg 213w, http://www.malerrekakomankomunitatea.eus/wp-content/uploads/2021/01/konposa_kokapena_0-180x239.jpg 180w" sizes="auto, (max-width: 213px) 100vw, 213px" /></p>

<p>Se debe colocar el compostador en contacto directo con la tierra, para que los organismos aparezcan espontáneamente y haya una regulación natural de la humedad. En el área de compostaje conviene dejar suficiente espacio para las tareas a realizar (amontonado, volteo, tamizado&#8230;). En zonas frías conviene que esté expuesto al sol para que el incremento [&hellip;]</p>

<!-- This site is optimized with the Yoast SEO plugin v22.3 - https://yoast.com/wordpress/plugins/seo/ -->
<title>Ubicación del compostador - Mancomunidad de Malerreka</title>
<meta name="robots" content="index, follow, max-snippet:-1, max-image-preview:large, max-video-preview:-1" />
<link rel="canonical" href="http://www.malerrekakomankomunitatea.eus/es/servicios/residuos-urbanos/compostaje/ubicacion-del-compostador/" />
<meta property="og:locale" content="es_ES" />
<meta property="og:type" content="article" />
<meta property="og:title" content="Ubicación del compostador - Mancomunidad de Malerreka" />
<meta property="og:description" content="Se debe colocar el compostador en contacto directo con la tierra, para que los organismos aparezcan espontáneamente y haya una regulación natural de la humedad. En el área de compostaje conviene dejar suficiente espacio para las tareas a realizar (amontonado, volteo, tamizado&#8230;). En zonas frías conviene que esté expuesto al sol para que el incremento [&hellip;]" />
<meta property="og:url" content="http://www.malerrekakomankomunitatea.eus/es/servicios/residuos-urbanos/compostaje/ubicacion-del-compostador/" />
<meta property="og:site_name" content="Mancomunidad de Malerreka" />
<meta property="article:modified_time" content="2021-01-14T14:55:03+00:00" />
<meta property="og:image" content="http://www.malerreka.es/wp-content/uploads/2021/01/konposa_kokapena_0.jpg" />
<meta name="twitter:card" content="summary_large_image" />
<meta name="twitter:label1" content="Tiempo de lectura" />
	<meta name="twitter:data1" content="1 minuto" />
<script type="application/ld+json" class="yoast-schema-graph">{"@context":"https://schema.org","@graph":[{"@type":"WebPage","@id":"http://www.malerrekakomankomunitatea.eus/es/servicios/residuos-urbanos/compostaje/ubicacion-del-compostador/","url":"http://www.malerrekakomankomunitatea.eus/es/servicios/residuos-urbanos/compostaje/ubicacion-del-compostador/","name":"Ubicación del compostador - Mancomunidad de Malerreka","isPartOf":{"@id":"http://www.malerrekakomankomunitatea.eus/es/#website"},"primaryImageOfPage":{"@id":"http://www.malerrekakomankomunitatea.eus/es/servicios/residuos-urbanos/compostaje/ubicacion-del-compostador/#primaryimage"},"image":{"@id":"http://www.malerrekakomankomunitatea.eus/es/servicios/residuos-urbanos/compostaje/ubicacion-del-compostador/#primaryimage"},"thumbnailUrl":"http://www.malerreka.es/wp-content/uploads/2021/01/konposa_kokapena_0.jpg","datePublished":"2021-01-13T12:08:49+00:00","dateModified":"2021-01-14T14:55:03+00:00","breadcrumb":{"@id":"http://www.malerrekakomankomunitatea.eus/es/servicios/residuos-urbanos/compostaje/ubicacion-del-compostador/#breadcrumb"},"inLanguage":"es","potentialAction":[{"@type":"ReadAction","target":["http://www.malerrekakomankomunitatea.eus/es/servicios/residuos-urbanos/compostaje/ubicacion-del-compostador/"]}]},{"@type":"ImageObject","inLanguage":"es","@id":"http://www.malerrekakomankomunitatea.eus/es/servicios/residuos-urbanos/compostaje/ubicacion-del-compostador/#primaryimage","url":"http://www.malerrekakomankomunitatea.eus/wp-content/uploads/2021/01/konposa_kokapena_0.jpg","contentUrl":"http://www.malerrekakomankomunitatea.eus/wp-content/uploads/2021/01/konposa_kokapena_0.jpg","width":213,"height":283},{"@type":"BreadcrumbList","@id":"http://www.malerrekakomankomunitatea.eus/es/servicios/residuos-urbanos/compostaje/ubicacion-del-compostador/#breadcrumb","itemListElement":[{"@type":"ListItem","position":1,"name":"Home","item":"http://www.malerrekakomankomunitatea.eus/es/"},{"@type":"ListItem","position":2,"name":"Servicios","item":"http://www.malerrekakomankomunitatea.eus/es/servicios/"},{"@type":"ListItem","position":3,"name":"Residuos urbanos","item":"http://www.malerrekakomankomunitatea.eus/es/servicios/residuos-urbanos/"},{"@type":"ListItem","position":4,"name":"Compostaje","item":"http://www.malerrekakomankomunitatea.eus/es/servicios/residuos-urbanos/compostaje/"},{"@type":"ListItem","position":5,"name":"Ubicación del compostador"}]},{"@type":"WebSite","@id":"http://www.malerrekakomankomunitatea.eus/es/#website","url":"http://www.malerrekakomankomunitatea.eus/es/","name":"Mancomunidad de Malerreka","description":"Página principal de la Mancomunidad de Servicios Generales de Malerreka","potentialAction":[{"@type":"SearchAction","target":{"@type":"EntryPoint","urlTemplate":"http://www.malerrekakomankomunitatea.eus/es/?s={search_term_string}"},"query-input":"required name=search_term_string"}],"inLanguage":"es"}]}</script>
<!-- / Yoast SEO plugin. -->

Ubicación del compostador - Mancomunidad de Malerreka

Se debe colocar el compostador en contacto directo con la tierra, para que los organismos aparezcan espontáneamente y haya una regulación natural de la humedad. En el área de compostaje conviene dejar suficiente espacio para las tareas a realizar (amontonado, volteo, tamizado&#8230;). En zonas frías conviene que esté expuesto al sol para que el incremento [&hellip;]

Página principal de la Mancomunidad de Servicios Generales de Malerreka
