{"id":137,"date":"2021-01-13T13:13:39","date_gmt":"2021-01-13T12:13:39","guid":{"rendered":"http:\/\/www.malerreka.es\/?page_id=137"},"modified":"2021-01-15T12:45:18","modified_gmt":"2021-01-15T11:45:18","slug":"viviendas-de-proteccion-oficial","status":"publish","type":"page","link":"http:\/\/www.malerrekakomankomunitatea.eus\/es\/servicios\/viviendas-de-proteccion-oficial\/","title":{"rendered":"Viviendas de protecci\u00f3n oficial"},"content":{"rendered":"<p>La Mancomunidad de Malerreka, mediante el Patronato de Viviendas de Protecci\u00f3n Oficial (entidad con personalidad jur\u00eddica propia e independiente de la mancomunidad) gestiona las\u00a0<strong>viviendas de protecci\u00f3n oficial\u00a0<\/strong>destinadas a alquiler situadas en Doneztebe\/Santesteban.\u00a0 Est\u00e1n a disposici\u00f3n de los habitantes de Malerreka\u00a0<strong>20 apartamentos de 1 habitaci\u00f3n\u00a0<\/strong>que se sujetan a los requisitos de acceso y precios de las viviendas de protecci\u00f3n oficial de Navarra destinadas a alquiler.<\/p>\n<p>Los interesados pueden solicitar m\u00e1s informaci\u00f3n en las oficinas de la Mancomunidad de Malerreka.<\/p>\n<h3><strong>Precios<\/strong><\/h3>\n<p>Anualmente, el Gobierno de Navarra aprueba los precios m\u00e1ximos de venta y alquiler de la vivienda protegida. Se puede consultar la\u00a0<a href=\"http:\/\/www.navarra.es\/NR\/rdonlyres\/D71AE144-FF0E-4716-9E09-6EE9313184A7\/0\/Precios.pdf\" class=\"mtli_attachment mtli_pdf\" target=\"_blank\" rel=\"noopener\">tabla de precios<\/a>\u00a0correspondiente a este a\u00f1o.<\/p>\n<h3><strong>Requisitos de acceso<\/strong><\/h3>\n<p>Los requisitos de acceso a vivienda protegida con destino al alquiler deben ser cumplidos tanto por quien aparezca como solicitante de la vivienda, como por todos los miembros de su unidad familiar (fundamentalmente compuesta por el c\u00f3nyuge o pareja estable y los descendientes menores de edad).<\/p>\n<p>De este modo, para acceder a las viviendas protegidas o a las ayudas p\u00fablicas se establecen una serie de\u00a0<strong>requisitos m\u00ednimos:<\/strong><\/p>\n<ol>\n<li>Que la vivienda vaya a destinarse a\u00a0<strong>residencia habitual y permanente<\/strong>.<\/li>\n<li>Se deben reunir los requisitos de capacidad econ\u00f3mica establecidos para las VPO (Ganar m\u00e1s de 3.000 euros y menos de 4,5 veces el IPREM).<\/li>\n<li><strong>No se puede ser titular del dominio o de un derecho real de uso o disfrute sobre otra vivienda<\/strong>\u00a0o parte de la misma (con independencia de su localizaci\u00f3n).<\/li>\n<li>Que\u00a0<strong>no se haya transmitido el dominio o un derecho real de uso o disfrute sobre una vivienda<\/strong>\u00a0o parte de la misma en los\u00a0<strong>\u00faltimos 5 a\u00f1os<\/strong>\u00a0(se except\u00faan de este requisito las transmisiones que no hayan\u00a0<a href=\"http:\/\/www.navarra.es\/home_es\/Temas\/Vivienda\/Ciudadanos\/Resuelve+tus+dudas\/Compraventa\/Cuestiones+generales\/que+requisitos+debe+cumplir+el+comprador+o+inquilino+de+mi+vivienda+protegida.htm\" target=\"_blank\" rel=\"noopener\">generado ingresos<\/a>\u00a0superiores a 90.000 euros).<\/li>\n<li>El solicitante debe contar con\u00a0<strong>permiso de residencia<\/strong>\u00a0cuando dicho documento sea exigible, y\u00a0<strong>estar empadronado en alg\u00fan municipio de Navarra<\/strong>.<\/li>\n<\/ol>\n","protected":false},"excerpt":{"rendered":"<p>La Mancomunidad de Malerreka, mediante el Patronato de Viviendas de Protecci\u00f3n Oficial (entidad con personalidad jur\u00eddica propia e independiente de la mancomunidad) gestiona las\u00a0viviendas de protecci\u00f3n oficial\u00a0destinadas a alquiler situadas en Doneztebe\/Santesteban.\u00a0 Est\u00e1n a disposici\u00f3n de los habitantes de Malerreka\u00a020 apartamentos de 1 habitaci\u00f3n\u00a0que se sujetan a los requisitos de acceso y precios de las [&hellip;]<\/p>\n","protected":false},"author":2,"featured_media":0,"parent":215,"menu_order":42,"comment_status":"closed","ping_status":"closed","template":"","meta":{"footnotes":""},"class_list":["post-137","page","type-page","status-publish","hentry"],"yoast_head":"<!-- This site is optimized with the Yoast SEO plugin v22.3 - https:\/\/yoast.com\/wordpress\/plugins\/seo\/ -->\r\n<title>Viviendas de protecci\u00f3n oficial - Mancomunidad de Malerreka<\/title>\r\n<meta name=\"robots\" content=\"index, follow, max-snippet:-1, max-image-preview:large, max-video-preview:-1\" \/>\r\n<link rel=\"canonical\" href=\"http:\/\/www.malerrekakomankomunitatea.eus\/es\/servicios\/viviendas-de-proteccion-oficial\/\" \/>\r\n<meta property=\"og:locale\" content=\"es_ES\" \/>\r\n<meta property=\"og:type\" content=\"article\" \/>\r\n<meta property=\"og:title\" content=\"Viviendas de protecci\u00f3n oficial - Mancomunidad de Malerreka\" \/>\r\n<meta property=\"og:description\" content=\"La Mancomunidad de Malerreka, mediante el Patronato de Viviendas de Protecci\u00f3n Oficial (entidad con personalidad jur\u00eddica propia e independiente de la mancomunidad) gestiona las\u00a0viviendas de protecci\u00f3n oficial\u00a0destinadas a alquiler situadas en Doneztebe\/Santesteban.\u00a0 Est\u00e1n a disposici\u00f3n de los habitantes de Malerreka\u00a020 apartamentos de 1 habitaci\u00f3n\u00a0que se sujetan a los requisitos de acceso y precios de las [&hellip;]\" \/>\r\n<meta property=\"og:url\" content=\"http:\/\/www.malerrekakomankomunitatea.eus\/es\/servicios\/viviendas-de-proteccion-oficial\/\" \/>\r\n<meta property=\"og:site_name\" content=\"Mancomunidad de Malerreka\" \/>\r\n<meta property=\"article:modified_time\" content=\"2021-01-15T11:45:18+00:00\" \/>\r\n<meta name=\"twitter:card\" content=\"summary_large_image\" \/>\r\n<meta name=\"twitter:label1\" content=\"Tiempo de lectura\" \/>\n\t<meta name=\"twitter:data1\" content=\"2 minutos\" \/>\r\n<script type=\"application\/ld+json\" class=\"yoast-schema-graph\">{\"@context\":\"https:\/\/schema.org\",\"@graph\":[{\"@type\":\"WebPage\",\"@id\":\"http:\/\/www.malerrekakomankomunitatea.eus\/es\/servicios\/viviendas-de-proteccion-oficial\/\",\"url\":\"http:\/\/www.malerrekakomankomunitatea.eus\/es\/servicios\/viviendas-de-proteccion-oficial\/\",\"name\":\"Viviendas de protecci\u00f3n oficial - Mancomunidad de Malerreka\",\"isPartOf\":{\"@id\":\"http:\/\/www.malerrekakomankomunitatea.eus\/es\/#website\"},\"datePublished\":\"2021-01-13T12:13:39+00:00\",\"dateModified\":\"2021-01-15T11:45:18+00:00\",\"breadcrumb\":{\"@id\":\"http:\/\/www.malerrekakomankomunitatea.eus\/es\/servicios\/viviendas-de-proteccion-oficial\/#breadcrumb\"},\"inLanguage\":\"es\",\"potentialAction\":[{\"@type\":\"ReadAction\",\"target\":[\"http:\/\/www.malerrekakomankomunitatea.eus\/es\/servicios\/viviendas-de-proteccion-oficial\/\"]}]},{\"@type\":\"BreadcrumbList\",\"@id\":\"http:\/\/www.malerrekakomankomunitatea.eus\/es\/servicios\/viviendas-de-proteccion-oficial\/#breadcrumb\",\"itemListElement\":[{\"@type\":\"ListItem\",\"position\":1,\"name\":\"Home\",\"item\":\"http:\/\/www.malerrekakomankomunitatea.eus\/es\/\"},{\"@type\":\"ListItem\",\"position\":2,\"name\":\"Servicios\",\"item\":\"http:\/\/www.malerrekakomankomunitatea.eus\/es\/servicios\/\"},{\"@type\":\"ListItem\",\"position\":3,\"name\":\"Viviendas de protecci\u00f3n oficial\"}]},{\"@type\":\"WebSite\",\"@id\":\"http:\/\/www.malerrekakomankomunitatea.eus\/es\/#website\",\"url\":\"http:\/\/www.malerrekakomankomunitatea.eus\/es\/\",\"name\":\"Mancomunidad de Malerreka\",\"description\":\"P\u00e1gina principal de la Mancomunidad de Servicios Generales de Malerreka\",\"potentialAction\":[{\"@type\":\"SearchAction\",\"target\":{\"@type\":\"EntryPoint\",\"urlTemplate\":\"http:\/\/www.malerrekakomankomunitatea.eus\/es\/?s={search_term_string}\"},\"query-input\":\"required name=search_term_string\"}],\"inLanguage\":\"es\"}]}<\/script>\r\n<!-- \/ Yoast SEO plugin. -->","yoast_head_json":{"title":"Viviendas de protecci\u00f3n oficial - Mancomunidad de Malerreka","robots":{"index":"index","follow":"follow","max-snippet":"max-snippet:-1","max-image-preview":"max-image-preview:large","max-video-preview":"max-video-preview:-1"},"canonical":"http:\/\/www.malerrekakomankomunitatea.eus\/es\/servicios\/viviendas-de-proteccion-oficial\/","og_locale":"es_ES","og_type":"article","og_title":"Viviendas de protecci\u00f3n oficial - Mancomunidad de Malerreka","og_description":"La Mancomunidad de Malerreka, mediante el Patronato de Viviendas de Protecci\u00f3n Oficial (entidad con personalidad jur\u00eddica propia e independiente de la mancomunidad) gestiona las\u00a0viviendas de protecci\u00f3n oficial\u00a0destinadas a alquiler situadas en Doneztebe\/Santesteban.\u00a0 Est\u00e1n a disposici\u00f3n de los habitantes de Malerreka\u00a020 apartamentos de 1 habitaci\u00f3n\u00a0que se sujetan a los requisitos de acceso y precios de las [&hellip;]","og_url":"http:\/\/www.malerrekakomankomunitatea.eus\/es\/servicios\/viviendas-de-proteccion-oficial\/","og_site_name":"Mancomunidad de Malerreka","article_modified_time":"2021-01-15T11:45:18+00:00","twitter_card":"summary_large_image","twitter_misc":{"Tiempo de lectura":"2 minutos"},"schema":{"@context":"https:\/\/schema.org","@graph":[{"@type":"WebPage","@id":"http:\/\/www.malerrekakomankomunitatea.eus\/es\/servicios\/viviendas-de-proteccion-oficial\/","url":"http:\/\/www.malerrekakomankomunitatea.eus\/es\/servicios\/viviendas-de-proteccion-oficial\/","name":"Viviendas de protecci\u00f3n oficial - Mancomunidad de Malerreka","isPartOf":{"@id":"http:\/\/www.malerrekakomankomunitatea.eus\/es\/#website"},"datePublished":"2021-01-13T12:13:39+00:00","dateModified":"2021-01-15T11:45:18+00:00","breadcrumb":{"@id":"http:\/\/www.malerrekakomankomunitatea.eus\/es\/servicios\/viviendas-de-proteccion-oficial\/#breadcrumb"},"inLanguage":"es","potentialAction":[{"@type":"ReadAction","target":["http:\/\/www.malerrekakomankomunitatea.eus\/es\/servicios\/viviendas-de-proteccion-oficial\/"]}]},{"@type":"BreadcrumbList","@id":"http:\/\/www.malerrekakomankomunitatea.eus\/es\/servicios\/viviendas-de-proteccion-oficial\/#breadcrumb","itemListElement":[{"@type":"ListItem","position":1,"name":"Home","item":"http:\/\/www.malerrekakomankomunitatea.eus\/es\/"},{"@type":"ListItem","position":2,"name":"Servicios","item":"http:\/\/www.malerrekakomankomunitatea.eus\/es\/servicios\/"},{"@type":"ListItem","position":3,"name":"Viviendas de protecci\u00f3n oficial"}]},{"@type":"WebSite","@id":"http:\/\/www.malerrekakomankomunitatea.eus\/es\/#website","url":"http:\/\/www.malerrekakomankomunitatea.eus\/es\/","name":"Mancomunidad de Malerreka","description":"P\u00e1gina principal de la Mancomunidad de Servicios Generales de Malerreka","potentialAction":[{"@type":"SearchAction","target":{"@type":"EntryPoint","urlTemplate":"http:\/\/www.malerrekakomankomunitatea.eus\/es\/?s={search_term_string}"},"query-input":"required name=search_term_string"}],"inLanguage":"es"}]}},"_links":{"self":[{"href":"http:\/\/www.malerrekakomankomunitatea.eus\/es\/wp-json\/wp\/v2\/pages\/137","targetHints":{"allow":["GET"]}}],"collection":[{"href":"http:\/\/www.malerrekakomankomunitatea.eus\/es\/wp-json\/wp\/v2\/pages"}],"about":[{"href":"http:\/\/www.malerrekakomankomunitatea.eus\/es\/wp-json\/wp\/v2\/types\/page"}],"author":[{"embeddable":true,"href":"http:\/\/www.malerrekakomankomunitatea.eus\/es\/wp-json\/wp\/v2\/users\/2"}],"replies":[{"embeddable":true,"href":"http:\/\/www.malerrekakomankomunitatea.eus\/es\/wp-json\/wp\/v2\/comments?post=137"}],"version-history":[{"count":4,"href":"http:\/\/www.malerrekakomankomunitatea.eus\/es\/wp-json\/wp\/v2\/pages\/137\/revisions"}],"predecessor-version":[{"id":882,"href":"http:\/\/www.malerrekakomankomunitatea.eus\/es\/wp-json\/wp\/v2\/pages\/137\/revisions\/882"}],"up":[{"embeddable":true,"href":"http:\/\/www.malerrekakomankomunitatea.eus\/es\/wp-json\/wp\/v2\/pages\/215"}],"wp:attachment":[{"href":"http:\/\/www.malerrekakomankomunitatea.eus\/es\/wp-json\/wp\/v2\/media?parent=137"}],"curies":[{"name":"wp","href":"https:\/\/api.w.org\/{rel}","templated":true}]}}

Viviendas de protección oficial

<p>La Mancomunidad de Malerreka, mediante el Patronato de Viviendas de Protección Oficial (entidad con personalidad jurídica propia e independiente de la mancomunidad) gestiona las <strong>viviendas de protección oficial </strong>destinadas a alquiler situadas en Doneztebe/Santesteban.  Están a disposición de los habitantes de Malerreka <strong>20 apartamentos de 1 habitación </strong>que se sujetan a los requisitos de acceso y precios de las viviendas de protección oficial de Navarra destinadas a alquiler.</p>
<p>Los interesados pueden solicitar más información en las oficinas de la Mancomunidad de Malerreka.</p>
<h3><strong>Precios</strong></h3>
<p>Anualmente, el Gobierno de Navarra aprueba los precios máximos de venta y alquiler de la vivienda protegida. Se puede consultar la <a href="http://www.navarra.es/NR/rdonlyres/D71AE144-FF0E-4716-9E09-6EE9313184A7/0/Precios.pdf" class="mtli_attachment mtli_pdf" target="_blank" rel="noopener">tabla de precios</a> correspondiente a este año.</p>
<h3><strong>Requisitos de acceso</strong></h3>
<p>Los requisitos de acceso a vivienda protegida con destino al alquiler deben ser cumplidos tanto por quien aparezca como solicitante de la vivienda, como por todos los miembros de su unidad familiar (fundamentalmente compuesta por el cónyuge o pareja estable y los descendientes menores de edad).</p>
<p>De este modo, para acceder a las viviendas protegidas o a las ayudas públicas se establecen una serie de <strong>requisitos mínimos:</strong></p>
<ol>
<li>Que la vivienda vaya a destinarse a <strong>residencia habitual y permanente</strong>.</li>
<li>Se deben reunir los requisitos de capacidad económica establecidos para las VPO (Ganar más de 3.000 euros y menos de 4,5 veces el IPREM).</li>
<li><strong>No se puede ser titular del dominio o de un derecho real de uso o disfrute sobre otra vivienda</strong> o parte de la misma (con independencia de su localización).</li>
<li>Que <strong>no se haya transmitido el dominio o un derecho real de uso o disfrute sobre una vivienda</strong> o parte de la misma en los <strong>últimos 5 años</strong> (se exceptúan de este requisito las transmisiones que no hayan <a href="http://www.navarra.es/home_es/Temas/Vivienda/Ciudadanos/Resuelve+tus+dudas/Compraventa/Cuestiones+generales/que+requisitos+debe+cumplir+el+comprador+o+inquilino+de+mi+vivienda+protegida.htm" target="_blank" rel="noopener">generado ingresos</a> superiores a 90.000 euros).</li>
<li>El solicitante debe contar con <strong>permiso de residencia</strong> cuando dicho documento sea exigible, y <strong>estar empadronado en algún municipio de Navarra</strong>.</li>
</ol>

<p>La Mancomunidad de Malerreka, mediante el Patronato de Viviendas de Protección Oficial (entidad con personalidad jurídica propia e independiente de la mancomunidad) gestiona las viviendas de protección oficial destinadas a alquiler situadas en Doneztebe/Santesteban.  Están a disposición de los habitantes de Malerreka 20 apartamentos de 1 habitación que se sujetan a los requisitos de acceso y precios de las [&hellip;]</p>

<!-- This site is optimized with the Yoast SEO plugin v22.3 - https://yoast.com/wordpress/plugins/seo/ -->
<title>Viviendas de protección oficial - Mancomunidad de Malerreka</title>
<meta name="robots" content="index, follow, max-snippet:-1, max-image-preview:large, max-video-preview:-1" />
<link rel="canonical" href="http://www.malerrekakomankomunitatea.eus/es/servicios/viviendas-de-proteccion-oficial/" />
<meta property="og:locale" content="es_ES" />
<meta property="og:type" content="article" />
<meta property="og:title" content="Viviendas de protección oficial - Mancomunidad de Malerreka" />
<meta property="og:description" content="La Mancomunidad de Malerreka, mediante el Patronato de Viviendas de Protección Oficial (entidad con personalidad jurídica propia e independiente de la mancomunidad) gestiona las viviendas de protección oficial destinadas a alquiler situadas en Doneztebe/Santesteban.  Están a disposición de los habitantes de Malerreka 20 apartamentos de 1 habitación que se sujetan a los requisitos de acceso y precios de las [&hellip;]" />
<meta property="og:url" content="http://www.malerrekakomankomunitatea.eus/es/servicios/viviendas-de-proteccion-oficial/" />
<meta property="og:site_name" content="Mancomunidad de Malerreka" />
<meta property="article:modified_time" content="2021-01-15T11:45:18+00:00" />
<meta name="twitter:card" content="summary_large_image" />
<meta name="twitter:label1" content="Tiempo de lectura" />
	<meta name="twitter:data1" content="2 minutos" />
<script type="application/ld+json" class="yoast-schema-graph">{"@context":"https://schema.org","@graph":[{"@type":"WebPage","@id":"http://www.malerrekakomankomunitatea.eus/es/servicios/viviendas-de-proteccion-oficial/","url":"http://www.malerrekakomankomunitatea.eus/es/servicios/viviendas-de-proteccion-oficial/","name":"Viviendas de protección oficial - Mancomunidad de Malerreka","isPartOf":{"@id":"http://www.malerrekakomankomunitatea.eus/es/#website"},"datePublished":"2021-01-13T12:13:39+00:00","dateModified":"2021-01-15T11:45:18+00:00","breadcrumb":{"@id":"http://www.malerrekakomankomunitatea.eus/es/servicios/viviendas-de-proteccion-oficial/#breadcrumb"},"inLanguage":"es","potentialAction":[{"@type":"ReadAction","target":["http://www.malerrekakomankomunitatea.eus/es/servicios/viviendas-de-proteccion-oficial/"]}]},{"@type":"BreadcrumbList","@id":"http://www.malerrekakomankomunitatea.eus/es/servicios/viviendas-de-proteccion-oficial/#breadcrumb","itemListElement":[{"@type":"ListItem","position":1,"name":"Home","item":"http://www.malerrekakomankomunitatea.eus/es/"},{"@type":"ListItem","position":2,"name":"Servicios","item":"http://www.malerrekakomankomunitatea.eus/es/servicios/"},{"@type":"ListItem","position":3,"name":"Viviendas de protección oficial"}]},{"@type":"WebSite","@id":"http://www.malerrekakomankomunitatea.eus/es/#website","url":"http://www.malerrekakomankomunitatea.eus/es/","name":"Mancomunidad de Malerreka","description":"Página principal de la Mancomunidad de Servicios Generales de Malerreka","potentialAction":[{"@type":"SearchAction","target":{"@type":"EntryPoint","urlTemplate":"http://www.malerrekakomankomunitatea.eus/es/?s={search_term_string}"},"query-input":"required name=search_term_string"}],"inLanguage":"es"}]}</script>
<!-- / Yoast SEO plugin. -->

Viviendas de protección oficial - Mancomunidad de Malerreka

La Mancomunidad de Malerreka, mediante el Patronato de Viviendas de Protección Oficial (entidad con personalidad jurídica propia e independiente de la mancomunidad) gestiona las viviendas de protección oficial destinadas a alquiler situadas en Doneztebe/Santesteban.  Están a disposición de los habitantes de Malerreka 20 apartamentos de 1 habitación que se sujetan a los requisitos de acceso y precios de las [&hellip;]

Página principal de la Mancomunidad de Servicios Generales de Malerreka
